o) = 803*o**2 + o - 1. Let i = -44 + 48. Let b be ((-2)/i)/(13/(-26)). Is p(b) prime?
False
Suppose 5*q = 2*z - 21, -z + 17*q = 20*q + 6. Let l(o) = 3*o - 1. Let n be l(1). Suppose -2*c - 748 = -n*h, -z*h - h + 1499 = -3*c. Is h a composite number?
True
Let h be 5/(1/((-12)/(-10))). Suppose h*x + 1 = 13. Suppose -4*q + 188 = -x*q. Is q a composite number?
True
Suppose -13*s + 76078 = -11*s. Is s prime?
True
Let s(d) = 651*d**3 + 2*d**2 - 7. Is s(2) composite?
False
Suppose i = 3*f + 15, 15 = -2*f - f + 4*i. Is 216/1 + (f - 0) a prime number?
True
Let u(c) = -6*c**3 + 33*c**2 - 29*c + 21. Let n = 808 + -821. Is u(n) prime?
True
Is 1/(-14*7/(-6863822)) prime?
True
Suppose -651156 = -70*p - 323794 + 1022868. Is p a composite number?
False
Let o(d) = -10*d**3 + 88*d**2 - 893*d + 4. Is o(-37) a prime number?
True
Let o(m) = -2141*m**3 + 2*m**2 - m**2 - 21 - 6*m + 2138*m**3. Is o(-4) composite?
False
Let n = -152 - -155. Suppose -n*w = -v - 8*w + 634, 0 = -4*v + 3*w + 2651. Is v a composite number?
False
Is 14/(-714)*-3 + 3165024/34 a composite number?
False
Let z = 27398 - -2621. Is z a prime number?
False
Let m = -429984 + 909065. Is m prime?
True
Suppose -51*r + 45*r - 450 = 0. Suppose 3*q - 4 = -2*z, 4*z - 3*z + 11 = 5*q. Is (3765/r)/(z/5) composite?
False
Suppose 3*k + 2*c = -c - 26496, 4*k + 35325 = -c. Let b = -1228 - k. Is b a composite number?
False
Suppose 0 = 3*d + 2*h - 7, -4*h + h = 12. Let u(n) = 85*n + 78*n - 13 - 57*n + 18. Is u(d) a prime number?
False
Let z be 2/(-3)*51/(-34). Is (-185)/37 - -5172*z a composite number?
False
Let v(q) = -82*q - 21. Suppose 10*h + 96 = -214. Is v(h) a composite number?
False
Suppose 0 = -3*n + 5*n - t - 108, -2*n + 108 = -4*t. Suppose -20 = n*y - 49*y. Is (-3 + (y - -4))*1259/(-3) composite?
False
Let j = -7 - -10. Suppose 0 = -5*u + b - 19, -15 = 4*u + 2*b + j. Is (-4)/(u/1037) + 5 a composite number?
True
Let a(w) = 565*w**2 - 15*w - 27. Let s be ((-5 + 4)*5)/1. Is a(s) prime?
True
Let s be 9/15*-1*-5. Suppose 0 = -s*u - 15, -2*d = 4*u + u + 29. Is d/(-3) - 42291/(-27) a composite number?
False
Let c(z) = 2*z**2 + 0*z**2 - 6 + 13*z - 2. Let u be c(-21). Suppose -3*x - 5*i = -593, -u = -3*x - i - 0*i. Is x composite?
True
Let h = 218 + -147. Suppose 67*v + 26141 = q + h*v, -4*q + 104615 = -v. Is q a prime number?
True
Let c(h) = -265*h - 138. Let j be c(-13). Let t = 6672 - j. Is t a composite number?
True
Suppose 0 = -0*l - 3*l + 2*q + 17, 0 = 2*l - 5*q + 7. Suppose -2*w = -5*p + 695, l*w - 4*w + 1691 = -3*p. Let g = 1591 - w. Is g prime?
True
Let f = -7608 + 16483. Let u = -4826 + f. Is u a prime number?
True
Suppose 0 = -b + 16317 + 435. Suppose -b = -5*i + 143. Suppose -i = -4*s + 5017. Is s prime?
True
Suppose -2*w = 5*p - 10533 + 32039, 0 = -w + 3*p - 10753. Let v = w + 18567. Is v composite?
True
Let p = -3565562 + 5343621. Is p prime?
True
Let f = 265 - 272. Let a(v) = 6*v**2 - 23*v - 12. Let n(o) = -17*o**2 + 69*o + 35. Let h(p) = -11*a(p) - 4*n(p). Is h(f) prime?
True
Let x = 132 - 78. Let a = x + -29. Let r = 21 + a. Is r composite?
True
Let d(j) = -11*j**2 + 16*j + 16. Let p be d(16). Suppose 17601 = 5*w - 12394. Let b = p + w. Is b a prime number?
False
Suppose -3*g + 1051560 = 3*q, 8*g - 1752609 = 3*g + 4*q. Is g prime?
True
Let f = 7662 + 55831. Is f prime?
True
Let v(q) = -4*q - 11. Let a be v(-6). Let i(j) = 19*j**2 + 29*j + 5. Is i(a) a prime number?
True
Is (96/(-144))/((-2)/656295) prime?
False
Let v(q) = -q**3 + 11*q**2 + 1. Let y be v(11). Suppose -g + 3*t + 13 = 0, -t = -2*g - y + 12. Let h(k) = 4*k**3 - 4*k**2 - 7*k + 5. Is h(g) a prime number?
False
Let q be -19 - ((-12)/14 + (-1)/7). Is 9218/5 - q/(-30) a composite number?
True
Let f(y) = 184*y - 39. Let k(g) = 7*g + 8. Let z be k(1). Is f(z) a composite number?
True
Let n = 73350 + -35743. Is n prime?
True
Is (81/9 + -7)*(-44354)/(-4) composite?
True
Suppose 17*y + 161 = 24*y. Suppose 5*z = -8 + y. Suppose 6007 = z*b - 4772. Is b a prime number?
True
Let w(k) = 791*k**2 + 16*k - 92. Let s be w(7). Suppose -h + s = 12*h. Is h a composite number?
True
Let h be -3 - ((-39)/(-4))/(4/(-976)). Suppose -h = -5*a + a + 3*r, a - 4*r - 581 = 0. Is a a composite number?
True
Let z = 768590 - 443527. Is z prime?
True
Let a = 179885 - 115783. Is a prime?
False
Let o = 270 + -78. Let j = o + -63. Is j a composite number?
True
Is -34 + (-1 - -20) + 548874 prime?
False
Let n = 42 - 39. Suppose -n*j + 3*l + 13 + 14 = 0, -1 = j + l. Suppose j*q + 4*v = -v + 2427, 0 = -3*q - 4*v + 1819. Is q prime?
True
Suppose -47*d = -271774412 + 112791601. Is d a prime number?
False
Suppose -9*q + 8*q = 4*r - 120679, 0 = 5*r - 10. Is q prime?
True
Suppose -3*n - 3 + 15 = 0. Let f be 9/n*((-8400)/(-9))/10. Let s = f + 83. Is s a composite number?
False
Is 6/9*(-215854257)/(-382) a prime number?
True
Let u(l) = l**2 - 5*l - 62. Let y be u(11). Suppose 0 = -2*p - 5*a + y*a + 45066, 5*p - 4*a - 112639 = 0. Is p prime?
True
Let q(f) = 62902*f**2 + 141*f + 422. Is q(-3) a prime number?
False
Suppose -5*u - b + 23814 = -3*u, 35716 = 3*u + 4*b. Suppose u = -6*v + 58606. Is v a composite number?
True
Let t(d) = 2*d**2 + 9*d - 19 + 3 + 2. Let l be t(-6). Suppose 0*j + 4*j + 2564 = l*n, 0 = n - 2*j - 641. Is n a prime number?
True
Let v be 9/24 - (-51)/(-8)*-16423. Is (2 + (-24)/9)*v/(-2) a prime number?
False
Suppose -3*i + 8*i - 4395 = 5*r, 0 = 4*r - 16. Let h = i - 572. Is h a prime number?
True
Suppose -r + g = -493699, -14*g = -r - 15*g + 493687. Is r a composite number?
False
Let m = 55807 - -389604. Is m composite?
True
Let s = -92 + 94. Suppose -3*w + 3 = -0*w. Is (1/s - w)/(2/(-4652)) a prime number?
True
Let l(y) = -58*y**3 - 35*y**2 - 7*y + 1899. Is l(-32) a prime number?
True
Let t(a) = -a**2 - 28*a + 62. Let n be t(-30). Suppose -n*c + 23*g = 18*g - 5162, -c = -g - 2575. Is c prime?
False
Let x(d) = -4*d - 48. Let w be x(-16). Is (-3538 + w)*2/(-12) a composite number?
False
Let k(f) = 405*f**2 - 201*f + 943. Is k(5) prime?
False
Let d(g) be the second derivative of 155*g**4/4 - g**3/3 - 39*g**2/2 - 28*g. Is d(-4) composite?
True
Suppose -3*w - 26 = 3*h + 7, 4*h + 14 = -w. Is (-69886)/w - 12/(-30) a prime number?
False
Suppose 4*z + 30 = -3*x + 2*x, 0 = -3*z - 6. Let o(v) = v + 9. Let p be o(x). Let q(d) = -d**3 - 8*d**2 + 7*d + 27. Is q(p) prime?
False
Let h(z) = 636*z**2 - 17*z - 5. Let r(l) = -l**2 - 1. Let b(u) = h(u) - 3*r(u). Is b(4) prime?
False
Suppose -45*j - 185*j = -17324290. Is j a composite number?
False
Is (-8)/((-24)/(-21)) - -51018 prime?
False
Let y be 322/8 + 1 + 8/(-32). Suppose -2*f - 7 = -y. Suppose f - 102 = -i. Is i a composite number?
True
Let q be (7/(-35))/(1/10). Is -7978*(25/(-10) - q) prime?
True
Let l be -4*(-2 - (-9)/4)*-5. Suppose 4*g - 5*g = l, -4*y + 3*g = -8479. Let r = -801 + y. Is r composite?
True
Let q be (368980/(-15) - -6)*(-6 - 0). Is q/(-222)*3/(-2) a composite number?
False
Let c(l) = -2*l - 7. Let w be c(-5). Suppose w*t = t + 4. Suppose 3*k = -t*k + 1895. Is k composite?
False
Is (-7)/(-119) - (-13323132)/102 a composite number?
False
Let x be -3*(-12)/27*270/60. Is x/2*193967/93 composite?
False
Suppose 3*h + 0 - 6 = 0. Suppose -h*j - j = 0. Suppose -3*n = 4*d - 355, j*d = -n - 2*d + 121. Is n a prime number?
True
Suppose 4*o + 3*w - 44 = -o, -14 = -2*o - 3*w. Suppose o*i - 35188 - 63782 = 0. Is i composite?
True
Let a(y) = 5*y**3 - y**2 + y - 7. Suppose -2 = -6*r + 10. Is a(r) prime?
True
Let q = -3988 - -6709. Is q a composite number?
True
Let t = -15768 - -22352. Let b = t - 2947. Is b a composite number?
False
Suppose 11 - 6 = u, 4*j = -2*u + 30. Suppose -j*a + 4*m = 3089, 0*a - 4*a - 2472 = -4*m. Let z = a + 1264. Is z prime?
True
Let w(x) = x**3 + 81*x**2 + 9*x + 768. Is w(-71) composite?
False
Let c(n) = -n**3 + 2*n**2 + 25*n + 26. Suppose 37*a = 69*a + 256. Is c(a) a prime number?
False
Suppose -6311647 = -23*z + 8030302. Is z composite?
False
Let p(t) = 28447*t - 13. Let r be p(1). Suppose 3*g - 2*f - r = 35637, 0 = 4*g - 3*f - 85429. Is g composite?
True
Let n(u) = 1113*u - 12. Let w be n(3). Suppose 1660 = 2*s + 2*m, 3*s + w = 7*s - 3*m. Is s a prime number?
False
Let v = -55 - -58. Suppose 1213 = v*c - 2*w, 5*c + 2*w - 631 - 1380 = 0. Is c a composite number?
True
Let x(r) = -r**2 - 694*r +